t - 2. Let q be b(5). Suppose -q = -3*l + 2*l. Let y(c) = c - 2. Determine y(l).
1
Let o(c) = c**2 + 7*c + 7. Let f = -45 + 40. What is o(f)?
-3
Let t(q) = -q. Let k(y) = y**2 - 8*y. Let a be k(8). Calculate t(a).
0
Let r(p) be the first derivative of -p**4/4 - 3*p**3 - 5*p - 22. Calculate r(-9).
-5
Let c(r) = -3011*r + 3006*r + 3 - 2. Determine c(3).
-14
Suppose -1 = 4*b - 5*b - q, 2*b + q - 2 = 0. Let y(d) = -14*d + 1. Give y(b).
-13
Let a = -7 - -9. Let g be 3 - 0/a*1. Let b be (-12)/8*10/g. Let v(k) = -k**2 - 5*k - 4. Determine v(b).
-4
Suppose 0*c + 5*c = 0. Let j(b) = 0*b - 9 - b + c*b. Let x(d) = -d**2 - 4*d - 3. Let u be x(-3). Give j(u).
-9
Suppose -4*i + 43 = 5*a, -3*i - 19 = -3*a - 4. Let g be a/2 - 1/2. Let b(y) = -y**2 + 1. Let t(d) = -d**3 - d**2 + 2. Let o(v) = -5*b(v) + t(v). Calculate o(g).
6
Let a(v) = v**3 - v - 1. Let t(u) = -u**2 + 4*u - 1. Let z be t(3). Let y(c) = c**2 + 0 + 3*c - 3 - z*c**2. Let o be y(2). Give a(o).
-1
Suppose -2*v - 3*w + 16 = 0, -4*v - 10 = v - 5*w. Let m(y) = 2 - 6 - 5 + v*y + 1. What is m(6)?
4
Let d(s) = 20*s**2 + 1. Let o be d(-1). Suppose -o = 5*g - 6. Let v(y) = y**2 + 8*y + 4. Determine v(g).
-11
Let p(u) = -u**2 - 3*u + 5. Let j(v) = 10*v**2. Let z be j(-1). Suppose -10 = 5*o + z. Calculate p(o).
1
Let a(q) be the first derivative of -q**3/6 - 5*q**2/2 - 4*q - 1. Let u(w) be the first derivative of a(w). What is u(-4)?
-1
Let o(y) = 1 - 5*y + 1 + 1. Let r = 0 - -2. Calculate o(r).
-7
Suppose -2*t = 3*t. Suppose 3*p + p - 12 = t. Suppose p*v = 7*v. Let d(x) = -x - 6. What is d(v)?
-6
Suppose o - 13 = -3*z - 2*z, -z + 4*o = 10. Let i(l) = 2*l + 3 - z*l - 2 + l. Let a = 8 + -9. Calculate i(a).
0
Let m(v) = -5 + 1 + 2*v - v. Suppose -10 = -3*a + 2. Determine m(a).
0
Let t(k) = 4*k + 1. Let v(r) = r. Let g(i) = 2*t(i) - 7*v(i). Determine g(4).
6
Suppose 4*i = 5 + 19. Let a = 9 - 4. Let p(m) = 7*m**2 + 7*m + 5. Let r(z) = -6*z**2 - 6*z - 4. Let h(s) = a*p(s) + i*r(s). Calculate h(1).
-1
Let p(j) = -2*j**3 + 4*j**2 + 13*j - 9. Let v(m) = -m**3 + 2*m**2 + 6*m - 4. Let y(q) = -4*p(q) + 9*v(q). What is y(-2)?
12
Let c(k) = 5*k - 4. Let d(r) be the second derivative of r**3/6 - r**2/2 + 2*r. Let i(g) = c(g) - 6*d(g). Let a(l) = -5*l + 1. Let b be a(1). Determine i(b).
6
Let m(r) be the first derivative of -r**4/4 - 5*r**3/3 + r**2/2 - 5*r + 16. Give m(-4).
-25
Let b(a) = -a**2 - 9*a + 3. Let v be b(-7). Suppose 3 = 4*z - v. Let l(t) = t. Let i(r) = -6*r + 4. Let g(j) = i(j) + 4*l(j). Give g(z).
-6
Let h(q) = q**2 - 2*q + 1. Let v be (-1)/(10/(-15) - 1/(-6)). What is h(v)?
1
Let v(w) = -5*w + 5. Let j(f) = 6*f - 5. Let l = 6 + -11. Let t(k) = l*v(k) - 4*j(k). Calculate t(-5).
-10
Let k be (8/(-6))/((-6)/(-9)). Let c(r) = r**3 - 3*r**2 - 3*r. Give c(k).
-14
Let n = 1 - -3. Let t(l) = -13*l - 3 + 30*l - 18*l. Give t(n).
-7
Let a = 214 - 211. Let u(b) be the first derivative of b**2/2 + 1. Give u(a).
3
Let g(q) be the third derivative of -q**8/20160 + q**7/840 - 7*q**6/720 + q**5/12 - 8*q**2. Let b(k) be the third derivative of g(k). What is b(5)?
-2
Let b(m) = m**2 - 4*m + 3. Let w be b(3). Let c(h) be the second derivative of -1/6*h**3 + 5/2*h**2 + 0 + 4*h. Give c(w).
5
Let z = -6 - -10. Suppose z*s + 0 = 32. Let b(g) = g**3 + g**2 + g. Let u(d) = 3*d**3 + 3*d**2 + 3*d. Let l(r) = s*b(r) - 3*u(r). What is l(-1)?
1
Let w be ((-2)/(-1))/(1/(-2)). Let n be 20/35*63/6. Let v(q) = -5*q**2 - 4*q - 11. Let h(g) = -11*g**2 - 9*g - 23. Let t(l) = n*h(l) - 13*v(l). Give t(w).
-3
Let g(y) = -y + 4. Suppose 0 = -2*p + 2*v - 14, 4*p = -4*v - 4 + 8. Calculate g(p).
7
Let f(r) = 16*r + 2. Let n(p) = -17*p - 2. Let t(d) = -7*f(d) - 6*n(d). Calculate t(2).
-22
Let h(o) = o**2 - 6*o + 8. Let m(t) = 5*t**2 - 30*t + 41. Let x(b) = 11*h(b) - 2*m(b). Let z be x(4). Let s(q) = -q + q**3 + 0*q**3 + 1 + 0*q**3. Give s(z).
-5
Let a(n) be the second derivative of n**5/20 + n**4/12 - n**3/6 + 7*n**2/2 + 8*n. Give a(0).
7
Let f be 1/(1*(-2)/2). Let i = 8 - f. Suppose 3*k - i = 9. Let z(j) = j - 4. Calculate z(k).
2
Let h(n) = -4*n**2 - 2*n + 3. Let j(d) be the first derivative of -7*d**3/3 - 2*d**2 + 6*d + 9. Let x(z) = -5*h(z) + 3*j(z). What is x(2)?
-5
Let d(p) = -3 + p**2 - 75*p + 75*p - 6. Suppose z = -0*z. Calculate d(z).
-9
Let i(b) = b + 6. Let s(t) = 2*t - 4. Let j be s(6). Suppose -55 = j*k - 3*k. Let x = k + 6. Calculate i(x).
1
Let j(d) = d + 5*d - 7 + 4 - 5*d. Let f be j(3). Let m(t) = -t - 4. What is m(f)?
-4
Let q = 86 - 84. Let z(w) = 2*w**2 - 1. Calculate z(q).
7
Suppose 3*i = i. Suppose -2 = z - i. Let b(c) = 3*c + 2. Give b(z).
-4
Let b(w) = -2 - 7*w + 6*w + 0*w. Let x(c) = -2*c - 2. Let t(z) = -4*b(z) + 3*x(z). Give t(3).
-4
Let a(l) = -l**2 + 8*l - 2. Let z be a(7). Let m(q) = -2*q**2 + 8*q - 5. Calculate m(z).
-15
Suppose 4*u = -g + 4*g + 7, 0 = -u + 4*g + 18. Let p = u + 3. Let d(k) = 3 - p - 5*k - 1. Give d(1).
-4
Let r(t) = 2*t**2 + t + 2. Let f be r(-2). Let v(l) = -2*l**2 + f*l + 3*l**2 - 7 - 4*l. Let d = -14 - -9. What is v(d)?
-2
Let j(z) = 2*z**2 - 40*z + 3. Let i be j(20). Let r(s) be the second derivative of 7/12*s**4 - 5/2*s**2 + i*s + 0 + s**3 + 1/20*s**5. What is r(-6)?
-5
Let d(u) = -14*u + 5. Let f(p) = 9*p - 3. Let r(q) = 5*d(q) + 8*f(q). Let x(t) = -t**3 + 4*t**2 - 5. Let w be x(4). Let c be -1*(-2 - w) - -2. Calculate r(c).
-1
Suppose 7 = -3*x + 5*l, 0 = 2*l - 5*l + 15. Let c = -10 + x. Let j(n) = n**3 + 2*n**2 - 5*n + 3. Give j(c).
-9
Let b(r) = r**3 + 3*r**2 - 3*r + 7. Let x be b(-5). Let p = -13 - x. Suppose -2*d - d = -p. Let n(s) = s**2 - 5*s + 6. Give n(d).
6
Let t(l) = -6*l**3 - 4*l**2 + 4. Let k(p) = 7*p**3 + 5*p**2 - 5. Let n(d) = 5*k(d) + 6*t(d). Determine n(1).
-1
Let d(y) = y**2 - y - 1. Let l(v) = v**3 - v**2 - 6*v + 2. Let f(m) = m**3 - 6*m**2 + 6*m - 2. Let c be f(5). Let t(w) = c*d(w) - l(w). Determine t(4).
7
Let u(j) = -2*j - 6. Suppose -2*p - 6 = 4. Give u(p).
4
Let w(q) be the second derivative of q**4/12 + q**3/3 - 3*q**2/2 - 33*q. What is w(-3)?
0
Let r be 2/((20/5)/8). Suppose -5*v - 1 = -11. Let t(o) = o + v*o - o. Determine t(r).
8
Let h(r) be the second derivative of r**5/60 + r**4/8 - 5*r**3/6 - r**2 - 2*r. Let a(t) be the first derivative of h(t). Give a(-4).
-1
Let q(n) = n**2 - 3*n - 3. Let u be (88/12)/((-4)/(-6)). Suppose 0 = -4*w + x - u, -w + 2*x = 3*w + 6. Let z = -1 - w. Calculate q(z).
-3
Suppose 0*l + 5*l - 25 = 0. Let v(y) = -y**3 + y + 0*y - y - l. Calculate v(0).
-5
Let i(s) = -s**3 + 7*s**2 - 7*s + 7. Let q(d) = d**3 - 9*d**2 + 10*d - 10. Let l be q(8). Give i(l).
1
Suppose 0 = 2*q + 3*c - 10, -c = q - 4*c + 4. Let m(w) = -3*w - 6 + 7 - 2 + q*w. Calculate m(4).
-5
Let n(r) = -r**3 - 9*r**2 - 8*r + 1. Let d be (-12)/(2/(4/3)). Let f be n(d). Let t(x) = -x**2 - x + 1. Give t(f).
-1
Let h(g) be the third derivative of -g**6/120 + g**5/12 - g**4/6 - 2*g**3/3 - g**2. Suppose v = -2*v + 12. What is h(v)?
-4
Let l(p) = -10*p**3 - 3*p**2 + p + 7*p**3 + 4*p**3. Determine l(1).
-1
Suppose x + 0*x = -3. Let a be x*(3 - 2) - -3. Let z(l) = -l**2 - l - 3. Determine z(a).
-3
Let w(z) = 8*z - 5 + 3*z**2 - 5*z**2 + z**2. Let y(m) = -m**2 + m - 1. Let j be y(1). Let h be j*-1*6/1. Determine w(h).
7
Let w(a) be the second derivative of -a**3/6 - a**2 + 2*a. Let f = 7 - 12. Determine w(f).
3
Let q(v) = v**3 + 4*v**2 + 3*v - 3. Let a be (3 - (-12)/(-5))*-5. Let p be q(a). Let z(r) = r**3 + 4*r**2 + 3*r + 2. Give z(p).
2
Let y(g) = -g + 3. Let w be y(4). Let p(h) = h + h - 3*h. Determine p(w).
1
Suppose z - 21 = -2*z. Let i = z - 10. Let s(c) = c**2 + 5*c + 3. What is s(i)?
-3
Let s = -11 - -14. Suppose c = -2*p - 13, -s*p - p - 23 = c. Let o(f) = 3*f - 5. Let i(m) = -8*m + 14. Let w(x) = 4*i(x) + 11*o(x). Calculate w(p).
-4
Let j(q) = 0*q**2 - q**2 + q - 6*q**2. Give j(-1).
-8
Suppose 11*r + 0*r = 66. Let k(t) be the third derivative of 1/12*t**4 - 1/15*t**5 - 1/2*t**3 + 0*t + t**2 + 1/120*t**r + 0. Calculate k(4).
5
Let j(f) = f**3 + 5*f**2 - 6*f - 5. Suppose 19 = -4*s - 5. Calculate j(s).
-5
Let t(i) = -i + 7. Suppose -4*k + 6 = -2*y, -3*y = -5*y - 10. Let n be 3*(-3 + k)/(-4). Calculate t(n).
4
Let i(m) = -2*m**2 - 2*m - 3. Let h(f) = 3*f**2 + 3*f + 4. Let v(g) = -5*h(g) - 7*i(g). Suppose 2*b = 4 - 0. Suppose j + 2 = -j, 5 = b*n - 3*j. Determine v(n).
-1
Let z(h) be